) = -v + 22. Let m be f(u). Calculate the greatest common factor of m and 132.
12
Let y be (102/(-6))/(-1)*4. What is the highest common factor of y and 17?
17
Suppose -16 = -0*w - 4*w. Let q = w + 6. Suppose -64*k + 330 = -61*k. Calculate the greatest common divisor of k and q.
10
Suppose -15*i = 94*i - 1417. Let y(f) = -f**3 - 6*f**2 + 3. Let w be y(-7). What is the greatest common divisor of w and i?
13
Suppose 114 = c - 4*c. Let x = c + 77. What is the greatest common factor of 39 and x?
39
Let m = 9 + 1. Let f(w) = 2*w - 77. Let q be f(0). Let b = q + 97. Calculate the highest common factor of b and m.
10
Let g = 37 + 17. Suppose -w + 12 = -g. Suppose 2*l - 5*l = -12, 0 = 2*a + 3*l - w. Calculate the greatest common factor of 3 and a.
3
Let p(w) = 18*w + 17*w + 0*w - 3 + 29*w. Let n be p(3). Let c(d) = 6*d**2 + 4*d - 5. Let o be c(2). What is the highest common divisor of o and n?
27
Suppose 9*a = 4*a - r + 285, 2*a + 3*r = 127. What is the highest common factor of a and 21?
7
Let u be ((-12)/10)/(5/25). Let t(l) = -5*l - 20. Let o be t(u). Let k = 18 + -8. Calculate the highest common divisor of k and o.
10
Let n be (-3)/(9/2)*-3. Let a = -2830 + 2844. Calculate the highest common factor of a and n.
2
Let z(p) = -5*p**2 + 6 - 13 + p**3 + 9. Let i be z(5). Suppose s + 4*n - 117 = 0, -i*s + 137 = -s - n. What is the highest common divisor of s and 19?
19
Suppose 17*x = 20*x - 5*m - 143, -3*x + 136 = 2*m. What is the highest common divisor of 4 and x?
2
Let r(j) = -j**3 + 23*j**2 - 22*j. Let z be r(22). Suppose -2*v + 4*u = -34, -4*v + 2*u + 2*u + 60 = z. Calculate the greatest common divisor of v and 52.
13
Suppose 2*k + 7*y - 29 = 2*y, 4*y = k + 5. Suppose -31 = -c - k. What is the highest common divisor of c and 32?
8
Let d = 330 - 312. Calculate the highest common factor of 243 and d.
9
Let d(n) = 4*n + 23. Let r be d(-5). Suppose -r*w = -h - 323 - 174, 5*h = -2*w + 320. Calculate the highest common factor of 33 and w.
33
Let t(g) = -g**3 + 6*g**2 + 2*g - 10. Let o be t(6). Suppose -o*h + 0*h = 3*q - 73, q - 5 = 0. What is the greatest common factor of h and 87?
29
Suppose 942*m - 923*m = 399. What is the greatest common divisor of m and 1085?
7
Let s = 435 + -424. What is the greatest common factor of 528 and s?
11
Suppose 85560 = 147*v - 23*v. What is the greatest common factor of 92 and v?
46
Let b = 68 - 63. Suppose b*v - 95 = -4*g, 3*g - 91 = -4*v - 19. Calculate the greatest common divisor of 60 and g.
20
Suppose 2*w = -4*q + 30, -5 = -w - 0*w. Suppose 75 = 5*r - q*t, -2*t - 71 = -5*r + 2*t. Calculate the greatest common divisor of r and 55.
11
Suppose 208*q + 80 = 213*q. Suppose 0 = 5*x - 1017 + 137. What is the highest common divisor of q and x?
16
Suppose 64 = 3*w + 5*o, -o - 43 = -3*w - 9. Let y(r) = -8*r + 0 + r - 2. Let j be y(-4). What is the highest common factor of j and w?
13
Let w be (1 - (-2 + 22))*(-123)/3. What is the greatest common factor of 41 and w?
41
Let h(z) = z**3 + 17*z**2 + 7*z - 36. Let c be h(-16). Let x = -44 + 206. What is the greatest common divisor of c and x?
54
Let i(j) = 7*j - 4*j - j. Let b(o) = -4*o - 5. Let t be b(-5). Let q be i(t). What is the highest common factor of 270 and q?
30
Suppose -m + 325 = 4*m. Let z be (-17 - -8)/((-3)/2). Suppose 5*b - z = 3*j - 4*j, -142 = -5*j + 3*b. What is the greatest common divisor of m and j?
13
Suppose 2*j + b - 69 + 33 = 0, j - 17 = -b. Calculate the highest common divisor of j and 209.
19
Suppose -4*r + 0 = -24. Let n(z) = -329*z + 3320. Let o be n(10). What is the highest common divisor of r and o?
6
Suppose 38*u + 5 - 1183 = 0. What is the highest common divisor of 31 and u?
31
Suppose -2*w + 0*o + 12 = -2*o, 5*w + 3*o = 30. Let l = -6 - -8. What is the highest common divisor of w and l?
2
Let m = -13 + 16. Suppose t + 88 = m*t. Suppose 6*g - t = 5*g. What is the highest common factor of 11 and g?
11
Let a(m) = -5*m - 4 + m**2 + 1 - 5 + 1. Let o be a(8). Suppose -118 = -5*x + o. Calculate the highest common factor of 3 and x.
3
Suppose 52 = -2*r + 68. What is the greatest common divisor of r and 664?
8
Let h = 1 + 3. Suppose k - 4*s + 3*s - 406 = 0, -h*k = 5*s - 1633. What is the highest common divisor of 37 and k?
37
Let s(d) = -d - 13. Let l be s(-33). Calculate the greatest common factor of l and 340.
20
Suppose -2*o = 3*k - 1313, 3*o + 3*k + 354 = 2322. What is the greatest common factor of o and 5?
5
Suppose 2*p + 354 = 2*w, -419 = -2*w - 5*p - 86. Calculate the greatest common factor of w and 24.
6
Let r = 21 + -27. Let h be 1014/21 - r/(-21). Calculate the greatest common factor of 60 and h.
12
Let q(n) = n**3 + 10*n**2 - 13*n + 9. Let a be (-16)/24 + 31/(-3). Let d be q(a). Suppose -2*z + 21 = -d. Calculate the greatest common divisor of z and 208.
26
Suppose 19*a = -113 + 2089. What is the highest common divisor of 78 and a?
26
Suppose 765 = 4*j - 27. Suppose 16*t + j = 17*t. Calculate the highest common divisor of t and 18.
18
Let r be -8 + 1 + (-90 - -101). Let g = 19 - -33. What is the highest common factor of r and g?
4
Suppose 4*n - 27 = 37. Suppose -3*r - 2 = 2*o + r, -5*o - 2*r = -11. Suppose 0 = -x - 4, -2*z + o*z = x + n. What is the highest common factor of z and 48?
12
Suppose 3*m + 1 = 13. Let s(t) = 6*t**3 - 2*t**2 + 4. Let c be s(-2). Let a = c + 80. Calculate the greatest common factor of m and a.
4
Let l be (2 + -3)/(-1)*18. Let w(n) = -n**2 + 23*n + 37. Let z be w(25). Let u = z + 31. Calculate the highest common factor of l and u.
18
Let h = -1 - -67. Let z = h + -30. What is the greatest common divisor of 48 and z?
12
Let r be 2030/13 + (-18)/117. Calculate the greatest common divisor of r and 117.
39
Let b be 10192/130 + 6/(-15). Calculate the greatest common divisor of 6 and b.
6
Suppose -6*s + 2*s + 224 = 0. Let a = 950 + -936. What is the highest common divisor of a and s?
14
Let n be 1*2*-4*(-3)/6. Let s be 6/n*(616/12)/7. Let k = -117 - -238. Calculate the greatest common divisor of s and k.
11
Let x = -908 - -1020. What is the highest common factor of 728 and x?
56
Let a(o) = o**2 + 18*o - 16. Let b be a(-19). Suppose -v = b*v - 56. What is the greatest common divisor of 7 and v?
7
Let s(p) = 2*p**3 + 6*p - 5*p**2 - 2*p**3 - 3 - 4*p + p**3. Let g be s(4). Let k be 957/g*(-2)/6. What is the highest common factor of k and 319?
29
Suppose -32*u - 31 + 1471 = 0. What is the greatest common divisor of u and 495?
45
Let t = 201 - 190. Calculate the highest common divisor of 275 and t.
11
Let h(z) = 6*z + 396. Let n be h(-45). Calculate the greatest common divisor of 168 and n.
42
Let i be (-42)/63 - (-1174)/6. What is the greatest common divisor of i and 39?
39
Let b = -33 + 35. Suppose 4 = b*p, -5*p + 143 + 77 = 3*d. What is the greatest common divisor of d and 10?
10
Suppose 0 = 3*f - 4*k - 5 - 13, -f - 4*k + 22 = 0. What is the highest common divisor of 110 and f?
10
Suppose 0 = j + 22*n - 17*n - 343, 0 = -4*j - 5*n + 1312. Calculate the highest common divisor of j and 19.
19
Suppose 0 = -11*c + 133 - 111. Calculate the greatest common factor of c and 9.
1
Suppose 43*j - 49*j + 48 = 0. Let c(u) = u**3 + 6*u**2 - u - 2. Let a be c(-6). Suppose -32 = -a*q - 0. What is the greatest common divisor of j and q?
8
Let z = 283 - 231. What is the greatest common divisor of z and 8?
4
Let o(a) = 4 + 5 + a + 2 - 2*a. Let c be o(-3). What is the greatest common factor of c and 126?
14
Suppose 13*k = 11*k. Suppose k*g - 6*g = -450. Let w(l) = -l**2 + 10*l. Let r be w(5). What is the greatest common divisor of g and r?
25
Let x be (10780/24)/11 - (-399)/342. Suppose -5*p = -4*a + 209, 3*a = -2*p + p + 171. Calculate the highest common divisor of a and x.
14
Suppose -6*x + 3*x + 405 = 0. Suppose 5*b - 9*b = -60. What is the highest common factor of x and b?
15
Let u(v) = 2*v**2 - 5*v + 6. Let d be u(3). Let s = -2 + 5. Calculate the highest common factor of d and s.
3
Let l(y) = 9*y - 27*y - 8 + 10. Let n be l(-1). Calculate the highest common factor of n and 10.
10
Suppose 9 = 2*f - 1. Suppose f*a + 4 = 4*v, 4*v - 18 = 3*v - 3*a. What is the greatest common divisor of 9 and v?
3
Suppose -101*l + 3241 = -18171. What is the greatest common divisor of l and 1007?
53
Let i be 43 + -47 - 708/(-2). Calculate the greatest common divisor